{"id":108,"date":"2013-03-23T12:25:10","date_gmt":"2013-03-23T11:25:10","guid":{"rendered":"http:\/\/moussel.com\/?page_id=108"},"modified":"2020-02-26T15:17:10","modified_gmt":"2020-02-26T14:17:10","slug":"userwave","status":"publish","type":"page","link":"http:\/\/moussel.com\/?page_id=108","title":{"rendered":"Userwave"},"content":{"rendered":"<p><a href=\"http:\/\/moussel.com\/wp-content\/uploads\/2013\/03\/carte3.png\"><img loading=\"lazy\" decoding=\"async\" class=\"alignleft size-full wp-image-112\" src=\"http:\/\/moussel.com\/wp-content\/uploads\/2013\/03\/carte3.png\" alt=\"carte3\" width=\"183\" height=\"108\" \/><\/a><\/p>\n<p style=\"text-align: justify;\">Je vous invite \u00e0 aller visiter sur le site de USERWAVE (<a href=\"http:\/\/www.userwave.biz\" target=\"_blank\" rel=\"noopener noreferrer\">www.userwave.biz<\/a>), l&rsquo;une des technologies les plus excitantes du moment comme aiment \u00e0 les qualifier les am\u00e9ricains. L&rsquo;objectif premier des concepteurs d&rsquo;USERWAVE est de mettre \u00e0 disposition des d\u00e9veloppeurs de sites Web, un outil tr\u00e8s ais\u00e9ment int\u00e9grable et qui permettent d&rsquo;identifier les visiteurs gr\u00e2ce \u00e0 n&rsquo;importe quelle carte ou objet dot\u00e9 de la capacit\u00e9 de dialoguer en champ proche (13,56 MHz jusqu&rsquo;\u00e0 8 cm environ, pour les f\u00e9rus de technique). Utilisant leur badge d&rsquo;entreprise, leur carte V\u00e9lib, leur carte bancaire ou des cartes pr\u00e9cis\u00e9ment \u00e9mises par le service qui veut b\u00e9n\u00e9ficier de la tra\u00e7abilit\u00e9 de ses visiteurs, les utilisateurs r\u00e9aliseront un simple pairage avec un identifiant comme leur adresse e-mail. Une fois le pairage r\u00e9alis\u00e9, tous les sites qui partageront la base de donn\u00e9es des identifiants pourront s&rsquo;assurer d&rsquo;une parfaite identification des visiteurs qui n&rsquo;auront qu&rsquo;un geste \u00e0 faire avant de naviguer sur les sites en question. En mode collaboratif, avec une base de donn\u00e9e administr\u00e9e par un \u00ab\u00a0fournisseur d&rsquo;Identit\u00e9\u00a0\u00bb ind\u00e9pendant ou choisi parmi eux, le syst\u00e8me assurera une parfaite f\u00e9d\u00e9ration d&rsquo;Identit\u00e9s facile et sans coutures. Au del\u00e0 de la simple identification, la technologie est \u00a0aussi capable de fournir des services beaucoup plus puissants en s&rsquo;appuyant sur une architecture innovante et\u00a0\u00e9tonnamment\u00a0simple, divis\u00e9e en deux composants distincts:<\/p>\n<p style=\"text-align: justify;\">1- Un \u00ab\u00a0objet Software\u00a0\u00bb compatible avec\u00a0n\u2019importe quel navigateur internet qui fonctionnera sur tous les ordinateurs et qui \u00e9tablira un pont entre du code JavaScript ex\u00e9cut\u00e9 par le navigateur et la couche PC\/SC native au syst\u00e8me\u00a0d\u2019exploitation.<\/p>\n<p style=\"text-align: justify;\">2- Une interface \u00ab\u00a0API\u00a0\u00bb qui tourne dans un serveur accessible \u00e0 travers le r\u00e9seau (comme Internet) et qui est capable de renvoyer une ou plusieurs APDU\u2019s (commandes classiques du monde de la carte \u00e0 puce) qui seront ex\u00e9cut\u00e9es c\u00f4t\u00e9 client pour initier ou\u00a0compl\u00e9ter\u00a0une transaction avec une carte \u00e0 puce.<\/p>\n<p style=\"text-align: justify;\">Gageons que cette technologie progressera dans les mois \u00e0 venir, au fur et \u00e0 mesure de la mont\u00e9e inexorable des technologies sans-contact dans les ordinateurs, les tablettes et autres t\u00e9l\u00e9phones intelligents. Je rajouterais juste que la capacit\u00e9 \u00e0 personnaliser \u00ab\u00a0en ligne\u00a0\u00bb des cartes, ou simplement \u00e0 y graver des informations et commandes, est tout simplement une r\u00e9volution car c&rsquo;est la possibilit\u00e9 offerte de r\u00e9aliser du \u00ab\u00a0management de cartes \u00e0 distance\u00a0\u00bb \u00e0 des budgets infiniment moindres que ceux n\u00e9cessaires aujourd&rsquo;hui dans l&rsquo;industrie de la carte \u00e0 puces!<\/p>\n<p style=\"text-align: justify;\">[vimeo]http:\/\/vimeo.com\/71565849[\/vimeo]<\/p>\n","protected":false},"excerpt":{"rendered":"<p>Je vous invite \u00e0 aller visiter sur le site de USERWAVE (www.userwave.biz), l&rsquo;une des technologies les plus excitantes du moment comme aiment \u00e0 les qualifier les am\u00e9ricains. L&rsquo;objectif premier des concepteurs d&rsquo;USERWAVE est de mettre \u00e0 disposition des d\u00e9veloppeurs de &hellip; <a href=\"http:\/\/moussel.com\/?page_id=108\">Continuer la lecture <span class=\"meta-nav\">&rarr;<\/span><\/a><\/p>\n","protected":false},"author":1,"featured_media":0,"parent":0,"menu_order":1,"comment_status":"open","ping_status":"open","template":"page-templates\/front-page.php","meta":{"footnotes":""},"class_list":["post-108","page","type-page","status-publish","hentry"],"_links":{"self":[{"href":"http:\/\/moussel.com\/index.php?rest_route=\/wp\/v2\/pages\/108","targetHints":{"allow":["GET"]}}],"collection":[{"href":"http:\/\/moussel.com\/index.php?rest_route=\/wp\/v2\/pages"}],"about":[{"href":"http:\/\/moussel.com\/index.php?rest_route=\/wp\/v2\/types\/page"}],"author":[{"embeddable":true,"href":"http:\/\/moussel.com\/index.php?rest_route=\/wp\/v2\/users\/1"}],"replies":[{"embeddable":true,"href":"http:\/\/moussel.com\/index.php?rest_route=%2Fwp%2Fv2%2Fcomments&post=108"}],"version-history":[{"count":28,"href":"http:\/\/moussel.com\/index.php?rest_route=\/wp\/v2\/pages\/108\/revisions"}],"predecessor-version":[{"id":476,"href":"http:\/\/moussel.com\/index.php?rest_route=\/wp\/v2\/pages\/108\/revisions\/476"}],"wp:attachment":[{"href":"http:\/\/moussel.com\/index.php?rest_route=%2Fwp%2Fv2%2Fmedia&parent=108"}],"curies":[{"name":"wp","href":"https:\/\/api.w.org\/{rel}","templated":true}]}}